-3*x. What is the tens digit of c?
3
Let a be (-5 + -1)/(-2 - (-3 - -4)). Suppose -246 = -k + n + a*n, 3*n - 465 = -2*k. What is the tens digit of k?
3
Suppose -5*x - 5*d + 2185 = 0, -4*d - 1732 = 4*x - 8*x. What is the tens digit of x?
3
Suppose 0*m + 5*w = -2*m + 9, 5*w + 5 = 5*m. Suppose h = m*y + 83, -4*h + 3*y + 220 = -137. What is the tens digit of h?
9
Suppose w - y = 0, -2*w + 0 = y - 9. Suppose -2*p + 1 = w*o, 0*p + 32 = 4*o - 5*p. What is the tens digit of 9/o - 16*-2?
3
Let w = 2584 + -1736. What is the units digit of w?
8
Let i be (2/(-4))/(3/(-144)). Suppose 0 = 3*w + q - 7 + 6, 2*q - 3 = -5*w. Let k = i - w. What is the tens digit of k?
2
Let v be 2/(-16)*2 + 325/20. Let b(s) = 7*s + 41. What is the tens digit of b(v)?
5
Let v = 271 + -159. Suppose 0*c - 4*c + v = 0. Suppose 4*h - 32 = -5*i, -4*i = -2*h + c + 14. What is the tens digit of h?
1
Suppose -599*u = -592*u - 3283. What is the hundreds digit of u?
4
Let h = 45 - 58. What is the units digit of (-51)/(-1) - (h - -10)?
4
Let j(s) = 22*s + 1. Let u(a) = -12*a**2 - a + 1. Let v be u(1). Let r = -11 - v. What is the tens digit of j(r)?
2
Let b = -10 - -12. Suppose b = -a - a. Let z(l) = 19*l**2 - 2*l - 2. What is the tens digit of z(a)?
1
Let t = 219 + -315. Let h be (t/(-21) + -2)*7. What is the units digit of (2/3)/(12/h)?
1
Let m(k) = k**2 + 49. Let g be m(0). Let j = 295 - 293. Suppose a = j*a - g. What is the tens digit of a?
4
What is the hundreds digit of 3*(0 + (-3944)/(-12) + -7)?
9
Suppose -58 = 2*m + 2. Let f = 5 - m. What is the tens digit of f?
3
Let s(f) = -f**3 - 4*f**2 + 8*f - 1. Suppose 4*y - 40 = 5*o + 3*y, -y = -5. What is the tens digit of s(o)?
9
Let m(n) = 32*n + 11 + 16 - 4*n**2 - 27. What is the units digit of m(5)?
0
Let z = -14 - -18. What is the tens digit of (z/3 - 0) + 8082/54?
5
Let m be (-4)/28 - 640/28. Let d = 142 + m. What is the hundreds digit of d?
1
Let z = -78 - -79. What is the hundreds digit of (z/(4/2))/((-5)/(-1110))?
1
Let o be -1*((-152)/2 + 1). Suppose -5*k + o + 125 = 0. Suppose -k = 14*n - 16*n. What is the units digit of n?
0
Suppose 4*g + 3*n - 4462 = 0, 4*g - 7729 = -4*n - 3265. What is the hundreds digit of g?
1
Suppose 8*o + 20775 - 3655 = 0. What is the tens digit of 3/(-7) - o/28?
7
Let s(d) = -8*d**2 - 4*d - 2. Let z be s(-2). Let w = z + 55. Suppose -2*b + w = y, -3*b = 4*y - 2*y - 41. What is the tens digit of b?
1
Suppose 1206 + 3729 = 5*n. What is the units digit of n?
7
Suppose 5*a + 4*f - 15550 = 0, 0 = 5*a - 7*f + 6*f - 15525. What is the tens digit of a?
0
Let a(f) = -f**2 - 5*f + 12. Let i be a(-6). Let z be ((-69)/i)/((-3)/6). Let q = 2 + z. What is the tens digit of q?
2
Let k(v) = -v**3 + 5*v**2 - 5*v + 9. Let l be k(4). Let f(g) = g**3 - 5*g**2 + g - 2. What is the units digit of f(l)?
3
Let b = 2109 + -281. What is the units digit of b?
8
Suppose 0 = -153*v + 162*v - 1539. What is the hundreds digit of v?
1
Let w(b) = b + 12. Let l be w(-8). Let v be 25 + 3/(-1) - l. Let n = v + 2. What is the tens digit of n?
2
Let l = 66 + -24. Let m(j) = -j**3 - j**2 - j - 27. Let u be m(0). Let z = u + l. What is the tens digit of z?
1
Suppose -5*o + 3 = v, -4*o + 1 = -4*v + 13. Let u(a) = -a + 31. What is the tens digit of u(o)?
3
Let w(b) = -b**3 + 5*b**2 + 5*b - 6. What is the tens digit of w(5)?
1
Suppose 5*m - 324 = 4*f - 1774, -853 = 3*m + f. Let a be m/(-6) - (-16)/(-24). Suppose 7*q + a - 152 = 0. What is the units digit of q?
5
Suppose -4*y + 5*v + 10445 = 0, 7825 = 17*y - 14*y + 5*v. What is the hundreds digit of y?
6
Let r(u) = 27*u**2 - 13*u - 1. Let m be r(5). Suppose 7*g - m = 49. What is the tens digit of g?
9
Suppose 4*n + n = -3*y - 14, 2*n = 4*y - 16. Suppose 4*a = 5*z + y + 8, -2*z + 9 = a. What is the units digit of a?
5
Let h = 451 + 475. What is the hundreds digit of h?
9
Let s(b) = 141*b - 59*b + 1 - 3. What is the units digit of s(2)?
2
Suppose 4*i + 3 = 11. Suppose -84 = -i*h + 4*b, 6*h - 3*h + 4*b - 86 = 0. Suppose -5*g - a = -h - 3, 5*g - 2*a = 31. What is the units digit of g?
7
Let h(k) be the first derivative of -3*k**2 - 44*k - 1. What is the units digit of h(-13)?
4
Let o = 54 - 50. Suppose -793 = -o*b - 145. What is the hundreds digit of b?
1
Let f(u) be the first derivative of 4/3*u**3 - 1 + 6*u + 1/4*u**4 + 1/2*u**2. What is the units digit of f(-4)?
2
Let c(q) = -3*q - 18. Let o be c(-7). Suppose -4 - 236 = -o*h. What is the units digit of h?
0
Suppose u = 13*u - 1296. What is the tens digit of u?
0
Let q = 33 + -30. Suppose -q*n + 5*k + 322 = 0, n - 5*k - 106 = -2*k. What is the hundreds digit of n?
1
Let s = -8 - -8. Suppose s = d - 0*d - 3. What is the units digit of 85/d + (-1)/3?
8
Let j(w) = 7*w - 36. Let c(a) = -a**2 - 7*a + 4. Let n be c(-4). What is the units digit of j(n)?
6
Suppose -181 = -5*c - 466. Let a be 88 - 1/2*2. Let p = a + c. What is the tens digit of p?
3
Let t = -929 + 1614. What is the tens digit of t?
8
Let c(n) = 4*n**2 + 13*n - 12. Let f be c(-7). What is the tens digit of (30/9)/5*f?
6
Let b(m) = -86*m**3 - 2*m - 3. What is the tens digit of b(-1)?
8
Let f(j) = -j + 23. Suppose 20 = 3*k + 8. Suppose k*a + 0 - 52 = 0. What is the tens digit of f(a)?
1
Let i(g) = -7*g + 2*g + 3 + 4*g - 3*g**3 + 2*g**2 + 2*g**2. Let d(c) = -c**3 - c**2 - 1. Let z(n) = -3*d(n) - i(n). What is the units digit of z(1)?
6
Let y = 464 - 303. What is the tens digit of y?
6
What is the hundreds digit of (-4)/(1 + 2 - 16488/5490)?
2
Let v(b) = 18*b**2 - 6*b - 7. What is the tens digit of v(6)?
0
Let u(p) = 6*p**2 - 3*p. Let x(g) = 1. Let r(s) = -u(s) + 3*x(s). Let c be r(-2). Let n = 19 - c. What is the tens digit of n?
4
Let j(q) be the third derivative of q**6/120 - q**5/12 - q**4/12 + 2*q**3 + 2*q**2. Let x be 1/(-5) - 234/(-45). What is the units digit of j(x)?
2
Let u(v) = v**3 + 12*v**2 + 12*v - 11. Let i be -3*(1 + 28/12). What is the units digit of u(i)?
9
Let k(j) = -j + 13. Let h(t) = 8*t**2 + 1. Let f be h(-1). Let g be k(f). Suppose 2*m - 60 = -5*d, 48 = g*d - 3*m + 4*m. What is the tens digit of d?
1
Let i = -8 + 10. Let a be -1*i + (4 - 6). What is the units digit of (-6)/(a - -2) - 0?
3
Let y = 5 - 2. Suppose 0 = y*z + x - 88, 2*x - 6 - 114 = -4*z. What is the units digit of z?
8
Let f(p) = -69*p - 3. Let m(b) = -b + 1. Let j(y) = -f(y) - 2*m(y). Let o be j(1). Suppose -l + o = 2*l. What is the units digit of l?
4
Let n(c) = -c**3 - 2*c**2 + c - 5. Suppose 6*h = 3*h + 84. Let k = -31 + h. What is the units digit of n(k)?
1
Suppose 4*a + 4*t - 438 = 6*t, t = 5*a - 540. What is the hundreds digit of a?
1
Suppose 17231 = 3*x - 4*r, 0 = -3*x + 7*x + 4*r - 22928. What is the hundreds digit of x?
7
Let g(b) = 4*b - 15. Let t be (-64)/40*50/(-4). Suppose -u - u = -t. What is the tens digit of g(u)?
2
Let g be 15*(4/(-3) + -3). Let i = g + 127. Let t = -42 + i. What is the tens digit of t?
2
What is the tens digit of (-35 - (-4)/(-2))*(8 + -9)?
3
Suppose -57*d + 23*d + 91766 = 0. What is the hundreds digit of d?
6
Let j(t) = 2*t**2 + 9*t - 8. What is the units digit of j(14)?
0
Let q(i) = i**3 + 9*i**2 - 10*i + 2. Let v be q(-10). Suppose 6*f + 2*r - 294 = v*f, 3*f + 2*r = 219. What is the units digit of f?
5
Suppose -2*a - 6 = -18. Let q be ((3 - a) + 3)/(-1). Suppose 4*h + 59 - 247 = q. What is the units digit of h?
7
Suppose -2*q = 3*r - 318, 0*q + 4*q + 228 = 2*r. Let t = r + -62. What is the units digit of t?
6
Let s(v) = 3*v**2 - 6*v + 25. What is the tens digit of s(9)?
1
Let r = -12 - -9. Let l(t) = 8*t + 4. Let d be l(2). Let b = d + r. What is the units digit of b?
7
Let k(f) = -14*f**3 - 1 - 50*f + 46*f + 2*f**2 + 18*f**3. What is the tens digit of k(3)?
1
Suppose 94*v - 29984 = 86*v. What is the thousands digit of v?
3
Suppose 0 = -54*x + 63*x - 5778. What is the hundreds digit of x?
6
Let u(b) = b**3 - 3 + 3*b - 2*b**2 - 4*b - 4*b. Let c be u(4). What is the units digit of (c - -2) + (1 - 1)?
1
Let a be (-5 - -6) + 1 + 0. Let b(o) = -10 + a*o - o + o. What is the units digit of b(7)?
4
Suppose -5*c + 2*c = 5*y - 158, 2*c - 98 = 4*y. Let r be (-4)/18 - (-58)/18. Suppose r*t - c = -0*t. What is the tens digit of t?
1
Suppose 7 = 3*u - 11. Suppose -3*f - 6 = -u*f. Suppose -3*r = f*r - 155. What is the tens digit of r?
3
Let o = -25 - -10. Let f = -18 - o. What is 